2021: Gener | Febrer | Marc | Abril | Maig | Juny | Juliol | Agost | Setem. | Octubre | Novembre | Desembre 
2020: Gener | Febrer | Marc | Abril | Maig | Juny | Juliol | Agost | Setem. | Octubre | Novembre | Desembre 
2019: Gener | Febrer | Marc | Abril | Maig | Juny | Juliol | Agost | Setem. | Octubre | Novembre | Desembre 
2018: Gener | Febrer | Marc | Abril | Maig | Juny | Juliol | Agost | Setem. | Octubre | Novembre | Desembre 
2017: Gener | Febrer | Marc | Abril | Maig | Juny | Juliol | Agost | Setem. | Octubre | Novembre | Desembre 
2016: Gener | Febrer | Marc | Abril | Maig | Juny | Juliol | Agost | Setem. | Octubre | Novembre | Desembre 
2015: Gener | Febrer | Marc | Abril | Maig | Juny | Juliol | Agost | Setem. | Octubre | Novembre | Desembre 
2014: Gener | Febrer | Marc | Abril | Maig | Juny | Juliol | Agost | Setem. | Octubre | Novembre | Desembre 
2013: Gener | Febrer | Marc | Abril | Maig | Juny | Juliol | Agost | Setem. | Octubre | Novembre | Desembre 
2012: Gener | Febrer | Marc | Abril | Maig | Juny | Juliol | Agost | Setem. | Octubre | Novembre | Desembre 
2011: Gener | Febrer | Marc | Abril | Maig | Juny | Juliol | Agost | Setem. | Octubre | Novembre | Desembre 
2010: Gener | Febrer | Marc | Abril | Maig | Juny | Juliol | Agost | Setem. | Octubre | Novembre | Desembre 
2009: Gener | Febrer | Marc | Abril | Maig | Juny | Juliol | Agost | Setem. | Octubre | Novembre | Desembre 
2008: Gener | Febrer | Marc | Abril | Maig | Juny | Juliol | Agost | Setem. | Octubre | Novembre | Desembre 
2007: Gener | Febrer | Marc | Abril | Maig | Juny | Juliol | Agost | Setem. | Octubre | Novembre | Desembre 
2006: Gener | Febrer | Marc | Abril | Maig | Juny | Juliol | Agost | Setem. | Octubre | Novembre | Desembre 

Resum del mes: 2007
ANNUAL CLIMATOLOGICAL SUMMARY NAME: Estacio Meteo STG CITY: Sant Gregori STATE: Girona ELEV: 112 m LAT: 41° 59' 26" N LONG: 2° 45' 35" E TEMPERATURE (°C), HEAT BASE 18.3, COOL BASE 18.3 DEP. HEAT COOL MEAN MEAN FROM DEG DEG MAX MAX MIN MIN YR MO MAX MIN MEAN NORM DAYS DAYS HI DATE LOW DATE >=32 <=0 <=0 <=-18 ------------------------------------------------------------------------------------ 07 1 15.2 1.8 7.5 0.0 336 1 21.3 19 -5.8 27 0 0 7 0 07 2 16.5 3.7 9.5 0.0 249 2 25.5 15 -0.8 4 0 0 2 0 07 3 17.0 4.0 10.3 0.0 251 4 23.2 4 -2.8 21 0 0 3 0 07 4 20.8 9.2 14.7 0.0 136 27 28.6 24 4.1 5 0 0 0 0 07 5 23.8 10.5 17.2 0.0 88 54 31.1 24 5.5 29 0 0 0 0 07 6 27.4 14.9 21.0 0.0 25 107 31.1 18 8.8 2 0 0 0 0 07 7 29.1 16.6 23.0 0.0 9 154 33.2 28 12.7 10 8 0 0 0 07 8 28.1 16.8 22.0 0.0 13 128 37.4 28 12.4 23 4 0 0 0 07 9 26.1 13.6 19.5 0.0 41 78 30.8 9 5.7 28 0 0 0 0 07 10 21.5 10.0 15.1 0.0 123 25 26.9 1 2.8 21 0 0 0 0 07 11 17.1 2.5 8.8 0.0 287 1 21.7 21 -5.0 17 0 0 5 0 07 12 13.8 1.1 6.5 0.0 365 0 18.9 9 -4.1 15 0 0 13 0 ------------------------------------------------------------------------------------ 21.4 8.8 14.6 0.0 1922 580 37.4 AUG -5.8 JAN 12 0 30 0 PRECIPITATION (mm) DEP. MAX DAYS OF RAIN FROM OBS. OVER YR MO TOTAL NORM DAY DATE .2 2 20 --------------------------------------------- 07 1 5.0 0.0 2.8 31 12 1 0 07 2 63.4 0.0 29.4 17 18 5 1 07 3 40.8 0.0 25.6 19 10 3 1 07 4 102.0 0.0 28.6 3 16 9 2 07 5 59.4 0.0 21.4 14 14 6 1 07 6 27.6 0.0 19.0 6 8 3 0 07 7 16.6 0.0 14.0 11 3 2 0 07 8 112.2 0.0 41.6 6 12 7 1 07 9 16.6 0.0 11.8 22 4 2 0 07 10 52.6 0.0 19.0 10 19 6 0 07 11 4.4 0.0 1.6 22 9 0 0 07 12 41.8 0.0 23.4 22 13 4 1 --------------------------------------------- 542.6 0.0 41.6 AUG 138 48 7 WIND SPEED (km/hr) DOM YR MO AVG. HI DATE DIR --------------------------------- 07 1 2.1 53.1 23 WNW 07 2 2.8 54.7 12 W 07 3 5.1 74.0 10 NE 07 4 4.1 49.9 15 NE 07 5 4.0 62.8 14 S 07 6 4.3 62.8 17 S 07 7 4.3 59.5 23 S 07 8 3.1 53.1 15 S 07 9 3.1 48.3 5 S 07 10 2.3 46.7 30 NW 07 11 2.2 66.0 15 WNW 07 12 2.1 53.1 12 WNW --------------------------------- 3.3 74.0 MAR S